{"id":2334,"date":"2017-10-20T15:17:38","date_gmt":"2017-10-20T22:17:38","guid":{"rendered":"https:\/\/complitlang.ucr.edu\/?page_id=2334"},"modified":"2024-09-27T16:52:34","modified_gmt":"2024-09-27T23:52:34","slug":"duverge","status":"publish","type":"page","link":"https:\/\/complitlang.ucr.edu\/people\/faculty\/duverge\/","title":{"rendered":"Faculty: Christine Duverg\u00e9"},"content":{"rendered":"\n<style type=\"text\/css\" data-created_by=\"avia_inline_auto\" id=\"style-css-av-14qbam-99b28ae728997cc2d2f85c634bb749ef\">\n#top .av-special-heading.av-14qbam-99b28ae728997cc2d2f85c634bb749ef{\npadding-bottom:10px;\n}\nbody .av-special-heading.av-14qbam-99b28ae728997cc2d2f85c634bb749ef .av-special-heading-tag .heading-char{\nfont-size:25px;\n}\n.av-special-heading.av-14qbam-99b28ae728997cc2d2f85c634bb749ef .av-subheading{\nfont-size:15px;\n}\n<\/style>\n<div  class='av-special-heading av-14qbam-99b28ae728997cc2d2f85c634bb749ef av-special-heading-h2  avia-builder-el-0  el_before_av_one_third  avia-builder-el-first '><h2 class='av-special-heading-tag'  itemprop=\"headline\"  >Faculty<\/h2><div class=\"special-heading-border\"><div class=\"special-heading-inner-border\"><\/div><\/div><\/div>\n\n<style type=\"text\/css\" data-created_by=\"avia_inline_auto\" id=\"style-css-av-9ovmv2-4852b02746269e6eb6b2b819f71491df\">\n.flex_column.av-9ovmv2-4852b02746269e6eb6b2b819f71491df{\nborder-radius:0px 0px 0px 0px;\npadding:0px 0px 0px 0px;\n}\n<\/style>\n<div  class='flex_column av-9ovmv2-4852b02746269e6eb6b2b819f71491df av_one_third  avia-builder-el-1  el_after_av_heading  el_before_av_two_third  first flex_column_div av-zero-column-padding  '     ><section  class='avia-team-member av-7tr0em-a7e4457053cc24febd9b05dddf0506e8  avia-builder-el-2  avia-builder-el-no-sibling '  itemscope=\"itemscope\" itemtype=\"https:\/\/schema.org\/Person\" ><div class=\"team-img-container\"><img decoding=\"async\" fetchpriority=\"high\" class='wp-image-2335 avia-img-lazy-loading-not-2335 avia_image avia_image_team' src=\"https:\/\/complitlang.ucr.edu\/wp-content\/uploads\/2017\/10\/duverge.jpg\" alt='Christine Duverg\u00e9'  itemprop=\"image\"   height=\"230\" width=\"172\" \/><\/div><h3 class='team-member-name '  itemprop=\"name\" >Christine Duverg\u00e9<\/h3><div class='team-member-job-title '  itemprop=\"jobTitle\" >Lecturer, <em>French<\/em><\/div><div class='team-member-description '  itemprop=\"description\" ><p>MA, Michigan State University. 1995. French.<br \/>\nPh.D, University of Arizona. 2003. French.<\/p>\n<p><strong>Office:<\/strong> HMNSS 2409<br \/>\n<strong>Email:<\/strong> <a href=\"mailto:christine.duverge@ucr.edu\">christine.duverge@ucr.edu<\/a><\/p>\n<\/div><span class='hidden team-member-affiliation'  itemprop=\"affiliation\" >UCR | Department of Comparative Literature and Languages<\/span><\/section><\/div>\n\n<style type=\"text\/css\" data-created_by=\"avia_inline_auto\" id=\"style-css-av-5en2vy-75098334764d2cfd4ad23ba9c40fc920\">\n.flex_column.av-5en2vy-75098334764d2cfd4ad23ba9c40fc920{\nborder-radius:0px 0px 0px 0px;\npadding:0px 0px 0px 0px;\n}\n<\/style>\n<div  class='flex_column av-5en2vy-75098334764d2cfd4ad23ba9c40fc920 av_two_third  avia-builder-el-3  el_after_av_one_third  avia-builder-el-last  flex_column_div av-zero-column-padding  '     ><section  class='av_textblock_section av-4b1yvi-935bc505b6ce2d2260401cc246a143c1 '   itemscope=\"itemscope\" itemtype=\"https:\/\/schema.org\/CreativeWork\" ><div class='avia_textblock'  itemprop=\"text\" ><p dir=\"ltr\">Christine Duverg\u00e9 was born and raised in Mauritius. She came to the United-States on a track and field scholarship. During her career as an athlete she competed internationally. She was a medalist in two African championships and was Big Ten Champion several times. After her undergraduate diploma, instead of becoming a professional athlete and preparing for the Olympics, she decided to continue her studies. She completed a Masters and a doctorate in French literature. At the University of California, Riverside she is Senior Lecturer in French. Her area of research is 17th Century French literature. Her dissertationentitled Entre Th\u00e9orie et pratique : Madame de Maintenon et la cit\u00e9 des Demoiselles de Saint-Cyr (1685-1719) is on Madame de Maintenon (the Sun King\u2019s secret wife) and Saint-Cyr, an all-girl school that she founded for the poor noble girls. Christine Duverg\u00e9 has published and given talks on her area of specialty. She is still an avid runner, she is also an ardent writer.<\/p>\n<p dir=\"ltr\"><strong>Publications:<\/strong><\/p>\n<p dir=\"ltr\"><strong>Articles:<\/strong><\/p>\n<p dir=\"ltr\">\u201cSaint-Cyr (2000): A Cinematic Approach to Teaching 17th Century French History and Culture.\u201d\u00a0The French Review, December 2007.<\/p>\n<p dir=\"ltr\">\u201c\u00c9crivaines insulaires de Maurice.\u201d\u00a0Women In French, Spring 2007.<\/p>\n<p dir=\"ltr\"><strong>Novels:<\/strong><\/p>\n<p dir=\"ltr\">Camp Agonie, Pamplemousses \u00c9ditions, October 2014.<\/p>\n<p dir=\"ltr\">L\u2019Essouffl\u00e9e, Pamplemousses \u00c9ditions, July 2017.<\/p>\n<p dir=\"ltr\">Les vies de Lor\u00e9na, Pamplemousses \u00c9ditions, August 2020.<\/p>\n<p dir=\"ltr\">La Belle inconnue (finished manuscript and forthcoming)<\/p>\n<p dir=\"ltr\"><strong>Personal essays:<\/strong><\/p>\n<p dir=\"ltr\">\u201cLes Marchands de chim\u00e8re.\u201d hAppi Magazine, December 2016.<\/p>\n<p dir=\"ltr\">\u201cLa D\u00e9tenue.\u201d Essentielle Magazine, April 2017.<\/p>\n<p dir=\"ltr\">\u201cNous sportifs, ambassadeurs de Maurice.\u201d Essentielle Magazine, March 2018.<\/p>\n<p dir=\"ltr\">\u201cNi perroquet ni mouton.\u201d Essentielle Magazine, August 2018.<\/p>\n<p dir=\"ltr\">\u201cJournal d\u2019une Mauricienne confin\u00e9e en Californie.\u201d- A series of personnal essays<\/p>\n<p dir=\"ltr\">published during the Covid-19 lock down in Business Mag, April-May 2020.<\/p>\n<p dir=\"ltr\">\u201cLe Temple de Sam.\u201d Ecrits sur Maurice : un livre retra\u00e7ant 3 si\u00e8cles d\u2019histoire<\/p>\n<p dir=\"ltr\">de l\u2019\u00eele Maurice, November 2020.<\/p>\n<p dir=\"ltr\">\u201cLes vaches, Gertrude et le sucre.\u201d \u00c9crits sur Maurice : un livre retra\u00e7ant 3 si\u00e8cles d\u2019histoire de l\u2019\u00eele Maurice, November 2020.<\/p>\n<p dir=\"ltr\"><strong>Short stories:<\/strong><\/p>\n<p dir=\"ltr\">\u201cV\u00e9nus, Goliath et Coralie. \u201d\u00a0Collection Maurice, December 2016.<\/p>\n<p dir=\"ltr\">\u201cN-445\u00a0: La Promesse de Libert\u00e9. \u201d\u00a0Collection\u00a0Maurice, December 2018.<\/p>\n<\/div><\/section><br \/>\n<div  class='avia-button-wrap av-21d2ym-e7d61d143f689517a8f045346ffef4b8-wrap avia-button-left  avia-builder-el-5  el_after_av_textblock  avia-builder-el-last '><a href='\/people\/faculty\/#tab-id-2'  class='avia-button av-21d2ym-e7d61d143f689517a8f045346ffef4b8 avia-icon_select-yes-left-icon avia-size-medium avia-position-left avia-color-theme-color'  ><span class='avia_button_icon avia_button_icon_left' aria-hidden='true' data-av_icon='\ue88c' data-av_iconfont='entypo-fontello'><\/span><span class='avia_iconbox_title' >Back to Faculty<\/span><\/a><\/div><\/p><\/div>\n","protected":false},"excerpt":{"rendered":"","protected":false},"author":1,"featured_media":0,"parent":1769,"menu_order":0,"comment_status":"closed","ping_status":"closed","template":"","meta":{"footnotes":""},"class_list":["post-2334","page","type-page","status-publish","hentry"],"_links":{"self":[{"href":"https:\/\/complitlang.ucr.edu\/wp-json\/wp\/v2\/pages\/2334","targetHints":{"allow":["GET"]}}],"collection":[{"href":"https:\/\/complitlang.ucr.edu\/wp-json\/wp\/v2\/pages"}],"about":[{"href":"https:\/\/complitlang.ucr.edu\/wp-json\/wp\/v2\/types\/page"}],"author":[{"embeddable":true,"href":"https:\/\/complitlang.ucr.edu\/wp-json\/wp\/v2\/users\/1"}],"replies":[{"embeddable":true,"href":"https:\/\/complitlang.ucr.edu\/wp-json\/wp\/v2\/comments?post=2334"}],"version-history":[{"count":5,"href":"https:\/\/complitlang.ucr.edu\/wp-json\/wp\/v2\/pages\/2334\/revisions"}],"predecessor-version":[{"id":4891,"href":"https:\/\/complitlang.ucr.edu\/wp-json\/wp\/v2\/pages\/2334\/revisions\/4891"}],"up":[{"embeddable":true,"href":"https:\/\/complitlang.ucr.edu\/wp-json\/wp\/v2\/pages\/1769"}],"wp:attachment":[{"href":"https:\/\/complitlang.ucr.edu\/wp-json\/wp\/v2\/media?parent=2334"}],"curies":[{"name":"wp","href":"https:\/\/api.w.org\/{rel}","templated":true}]}}