{"id":25,"date":"2018-12-04T01:38:42","date_gmt":"2018-12-04T01:38:42","guid":{"rendered":"https:\/\/cilam.ucr.edu\/?page_id=25"},"modified":"2025-03-20T10:40:22","modified_gmt":"2025-03-20T17:40:22","slug":"otto-mayer-serra-award","status":"publish","type":"page","link":"https:\/\/cilam.ucr.edu\/otto-mayer-serra-award\/","title":{"rendered":"Otto Mayer-Serra Award"},"content":{"rendered":"<p>The University of California, Riverside, and the Center for Iberian and Latin American Music (CILAM) sponsors the annual Otto Mayer-Serra Awards, given annually for the best-unpublished articles on <em>any aspect of Iberian or Latin American Music<\/em> in Spanish or Portuguese.\u00a0 The Otto Mayer-Serra Prize for Music Research was established in 2008 by Instrumenta Oaxaca, Gobierno del Estado de Oaxaca, Fundaci\u00f3n para las Letras Mexicanas,\u00a0 Coordinaci\u00f3n de Difusi\u00f3n Cultural UNAM, Instituto Nacional de Bellas Artes, and <em>Pauta<\/em>.\u00a0 On this occasion, the Prize was awarded to Alejandro Vera, while Jessica Gottfried Hesketh, Gabriel Parey\u00f3n, and\u00a0Miriam Laura V\u00e1zquez Montana received honorable mentions. \u00a0In 2011, CILAM assumed responsibility for organizing it, with funding from the College of Humanities, Arts &amp; Social Sciences at UCR.<\/p>\n<p>See\u00a0<a href=\"https:\/\/cilam.ucr.edu\/announcements\/\"><em>Announcements<\/em><\/a> for information about the 2024 competition.\u00a0 Previous winners of the award are listed below:<\/p>\n<h4>2024<\/h4>\n<div>\n<p><strong>First prize<\/strong><\/p>\n<p>Carlos Cascarelli Iafelice (Universit\u00e0 di Pavia): \u00a0&#8220;Mecanismos intertextuais no primeiro volume da\u00a0<em>Escola de canto de org\u00e3o<\/em>\u00a0(1759) de Caetano de Mello de Jesus: uma proposta de leitura cr\u00edtica aplicada em dois estudos de caso&#8221;<\/p>\n<p><strong>Second Prize<\/strong><\/p>\n<p>Juliana Wady Lopes (Universidade Nova de Lisboa): \u00a0&#8220;Uma hist\u00f3ria por tr\u00e1s do discurso: m\u00fasica portuguesa no acervo de M\u00e1rio de Andrade&#8221;<\/p>\n<p><strong>Honorable Mention<\/strong><\/p>\n<p>Constanza Arra\u00f1o Astete (Pontificia Universidad Cat\u00f3lica de Chile): \u00a0&#8220;Haciendo m\u00fasica moderna en la Alemania nazi. La experiencia migratoria de la compositora chilena Carmela Mackenna Subercaseaux revisada a trav\u00e9s del estudio de\u00a0<em>Musique pour deux pianos<\/em>\u00a0(1936)&#8221;<\/p>\n<\/div>\n<h4><strong>2023<\/strong><\/h4>\n<p style=\"font-weight: 400;\"><strong>Second Prize<\/strong><\/p>\n<p style=\"font-weight: 400;\">Jes\u00fas Est\u00e9vez Monagas (Universidad San Francisco de Quito): \u00a0&#8220;&#8216;Con cristiana modestia y silencio&#8217;: mu\u0301sica y cofradi\u0301as en la capilla de Cantun\u0303a\u201d<\/p>\n<h4><strong>2022<\/strong><\/h4>\n<p><strong>First prize<\/strong><\/p>\n<p>Francesco Milella (Cambridge University):\u00a0\u00a0\u201cNarrativas paralelas: Nuevas metodolog\u00edas y documentos para una historiograf\u00eda de la \u00f3pera italiana en el M\u00e9xico independiente.&#8221;<\/p>\n<p><strong>Second Prize<\/strong><\/p>\n<p>Fernando de Oliveira Magre (Espirito Santo College of Music, Brazil) \u201cDiscursos sobre a m\u00fasica-teatro na historiografia da m\u00fasica brasileira: duas obras musicol\u00f3gicas em perspectiva e seus desdobramentos.\u201d<\/p>\n<p><strong>Honorable Mention<\/strong><\/p>\n<p>Paul G. Feller-Simmons (Northwestern University):\u00a0\u00a0\u201c\u2018Hoy al Portal ha venido:\u2019 La escena del nacimiento y el estilo galante en los villancicos navide\u00f1os de la catedral de Santiago de Chile (c.1770 \u2013 c.1820).\u201d<\/p>\n<h4><strong>2021<\/strong><\/h4>\n<p><strong>First Prize\u00a0<\/strong><\/p>\n<p>Pablo Marcelo Rojas Sahurie (Universit\u00e4t Wien):\u00a0\u00a0\u201c\u00bfLa voz del hombre nuevo?:\u00a0\u00a0Masculinidad y Nueva Canci\u00f3n Chilena\u201d<\/p>\n<p><strong>Second Prize<\/strong><\/p>\n<p>Hermann Hudde (University of California, Riverside):\u00a0\u201cReescritura, memoria y emociones: \u00bfExiste una cr\u00f3nica musical contempor\u00e1nea del continente americano en la m\u00fasica de Miguel del \u00c1guila?\u201d<\/p>\n<p><strong>Honorable Mention<\/strong><\/p>\n<p>Javier Mar\u00edn-L\u00f3pez (Universidad de Ja\u00e9n):\u00a0\u00a0\u201cHacia una \u2018historia conectada\u2019 de la m\u00fasica colonial\u00a0latinoamericana:\u00a0\u00a0un estudio de caso entre virreinatos\u201d<\/p>\n<h4>2020<\/h4>\n<p><strong>First Prize<\/strong><\/p>\n<p>Diego Garc\u00eda-Peinazo (Universidad de Granada):\u00a0\u201cCarlos Cano, voz capturada en una Andaluc\u00eda\u00a0<em>A duras penas<\/em>\u00a0(1976).\u00a0\u00a0Canci\u00f3n de protesta social, ambiente pers\u00f3nico e identidades transfonogr\u00e1ficas en la Transici\u00f3n Espa\u00f1ola\u201d<\/p>\n<p><strong>Second Prize<\/strong><\/p>\n<p>Antonio Campos Monteiro Neto (Independent Scholar) and\u00a0Marcelo Campos Hazan (University of South Carolina):\u00a0\u00a0\u201c\u2018\u00d3! Rigor duro da Lei\u2019: A mis\u00e9ria e a paix\u00e3o do Padre Jos\u00e9 Maur\u00edcio Nunes Garcia (1767-1830)\u201d<\/p>\n<p><strong>Honorable Mention<\/strong><\/p>\n<p>Silvia Citro and Adriana Cerletti (both at Universidad de Buenos Aires):\u00a0\u00a0\u201cDevenires del canto de las mujeres\u00a0<em>qom\u00a0<\/em>del Chaco argentino:\u00a0 Del espacio dom\u00e9stico ind\u00edgena al espect\u00e1culo h\u00edbrido intercultural\u201d<\/p>\n<h4>2019<\/h4>\n<p><strong>First Prize<\/strong><\/p>\n<p class=\"Default\">Luis L\u00f3pez (Universidad Complutense de Madrid):\u00a0 \u201cUn modelo anal\u00edtico para la m\u00fasica vocal religiosa hispana.\u00a0 Estructura y expresi\u00f3n en el <i>Te Deum<\/i> (1814) de Jos\u00e9 Lid\u00f3n\u201d<\/p>\n<p><strong>Second Prize<\/strong><\/p>\n<p>Daniel Mart\u00edn S\u00e1ez (Universidad Aut\u00f3noma de Madrid):\u00a0 \u201cLa apoteosis de Farinelli en Espa\u00f1a:\u00a0 El mito de la superestrella a trav\u00e9s de la prensa brit\u00e1nica del siglo XVIII\u201d<\/p>\n<p><strong>Honorable Mention (two are awarded)<\/strong><\/p>\n<p>David Coifman (Escuela de M\u00fasica Mozarteum Caracas):\u00a0 \u201cJos\u00e9 \u00c1ngel Lamas (1775-1814) y el <em>arte \u00fatil<\/em> de Antiguo R\u00e9gimen en Venezuela\u201d<\/p>\n<p>Alejandro Mor\u00e1n (Universidad Complutense de Madrid):\u00a0 \u201cUna cartograf\u00eda del tacto:\u00a0 la po\u00e9tica del instrumento en Jos\u00e9 Luis Tor\u00e1\u201d<\/p>\n<h4>2018<\/h4>\n<p><strong>First Prize<\/strong><\/p>\n<p>Rafael Francisco D\u00edaz Silva (Universidad de Chile):\u00a0 \u201cLa\u00a0tierra del fuego se apaga: \u00a0Requiem para flauta sola\u201d<\/p>\n<p><strong>Second Prize<\/strong><\/p>\n<p>Aur\u00e8lia Pessarrodona P\u00e9rez (Conservatorio Superior de M\u00fasica del Liceo, Barcelona):\u00a0 \u201cEl cuerpo cantante en las tonadillas a solo para Miguel Garrido\u201d<\/p>\n<p><strong>Honorable Mention (two are awarded)<\/strong><\/p>\n<p>Sergio Ospina-Romero (Cornell University):\u00a0 \u201cFon\u00f3grafos ambulantes y la b\u00fasqueda de novedades musicales: \u00a0Performatividad, discos y cultura popular en M\u00e9xico a comienzos del siglo veinte\u201d<\/p>\n<p>Juan Vel\u00e1squez (University of Pittsburgh):\u00a0 \u201cTinta, papel y pentagrama: Edici\u00f3n de partituras y pr\u00e1ctica musical en Colombia, 1848-1930\u201d<\/p>\n<h4>2017<\/h4>\n<p><strong>First Prize<\/strong><\/p>\n<p>Ana Lombard\u00eda (Instituto Complutense de Ciencias Musicales; Universidad Complutense de\u00a0de Madrid): \u201cMelod\u00edas para versos silenciosos:\u00a0 bailes, danzas y canciones para viol\u00edn\u00a0en el Manuscrito de Salamanca (<em>ca.\u00a0<\/em>1659).\u201d<\/p>\n<p><strong>Second Prize<\/strong><\/p>\n<p>Edward Luiz Ayres d\u2019Abreu (CESEM, Centro de Estudos de Sociologia e Est\u00e9tica Musical;\u00a0Universidade NOVA de Lisboa): \u201c\u2018\u2026le D\u00e9sir est tout\u2026\u2019 \u2013 Obras vocais de c\u00e2mara de Ruy Coelho \u00e0 luz do simbolismo\u00a0<em>fin-de-si\u00e8cle.<\/em>\u201d<\/p>\n<h4>2016<\/h4>\n<p><strong>First Prize<\/strong><\/p>\n<p>Dr. Julio Mend\u00edvil(Goethe-Universit\u00e4t Frankfurt am Main): \u201cCosa de hombres: sobre construcciones de g\u00e9nero en la musicolog\u00eda sobre la m\u00fasica de los Andes.\u201d<\/p>\n<p><strong>Second Prize<\/strong><\/p>\n<p>Hermann Hudde (University of California, Riverside): \u201cPanamericanismo en acci\u00f3n: m\u00fasica y compositores latinoamericanos en Tanglewood desde 1941 hasta 1951.\u201d<\/p>\n<p><strong>Honorable Mention <em>ex equo<\/em><\/strong><\/p>\n<p>Dr. Juan Francisco Sans (Universidad Central de Venezuela): \u201cDisciplinando el cuerpo, sujetando las pasiones: baile y m\u00fasica en la educaci\u00f3n hispanoamericana del siglo XIX.\u201d<\/p>\n<p>Dr. Bel\u00e9n Vega Pichaco (Universidad de Oviedo): \u201cLa reinvenci\u00f3n de la &#8216;tradici\u00f3n&#8217; musical: discursos y pr\u00e1cticas en torno a la construcci\u00f3n de una &#8216;Escuela Cubana de Composici\u00f3n&#8217; (1934-1946).\u201d<\/p>\n<h4>2015<\/h4>\n<p><strong>First Prize<\/strong><\/p>\n<p>Jos\u00e9 Manuel Izquierdo K\u00f6nig (Cambridge University): \u201cEl Militar Retirado de Pedro Jim\u00e9nez de Abrill (Arequipa, 1784-Sucre, 1856): una tonadilla in\u00e9dita en el Per\u00fa independiente.\u201d<\/p>\n<p><strong>Second Prize<\/strong><\/p>\n<p>Ling Fung Chan (University of Florida): \u201cReconsiderar los elementos goyescos para la evoluci\u00f3n de <em>El Corregidor y la Molinera<\/em>y <em>El Sombrero de Tres Picos <\/em>por Manuel de Falla.\u201d<\/p>\n<p><strong>Honorable Mention<\/strong><\/p>\n<p>C\u00e9sar D. Favila (University of Chicago): \u201cEsposo de Paula, Ya, Jes\u00fas\u201d: los contextos sacros y sociales de algunos villancicos de monjas novahispanas.\u201d<\/p>\n<h4>2014<\/h4>\n<p><strong>Winner<\/strong><\/p>\n<p>Olga S\u00e1nchez-Kisielewska (Northwestern University): \u201cClaves para el an\u00e1lisis del italianismo en la m\u00fasica hispana:\u00a0 Esquemas galantes y figuras ret\u00f3ricas en las misas de Jerusalem y Nebra\u201d<\/p>\n<p><strong>Honorable Mention<\/strong><\/p>\n<p>Hermann Hudde (New England Conservatory of Music School of Continuing Education):<\/p>\n<p>\u201cLa Historia de Carlos Ch\u00e1vez en Tanglewood\u201d<\/p>\n<h4>2013<\/h4>\n<p><strong>Winner<\/strong><\/p>\n<p>Bernardo Illari (University of North Texas):\u00a0\u201c\u00bfUna nueva y gloriosa naci\u00f3n?\u00a0 Ret\u00f3rica y subjetividad en la Marcha patri\u00f3tica rioplatense de 1813.\u201d<\/p>\n<p><strong>Honorable Mention<\/strong><\/p>\n<p>Julio Mend\u00edvil (Universit\u00e4t Hildesheim): \u201cEl imperio contraataca:\u00a0 La representaci\u00f3n revivalista de la m\u00fasica incaica y los primeros brotes de nacionalismo en la musicolog\u00eda sobre la regi\u00f3n andina.\u201d<\/p>\n<h4>2012<\/h4>\n<p><strong>Winner<\/strong><\/p>\n<p>Jaime O. Bofill Colero (University of Arizona): \u201cBomba, danza, calipso y merengue: creaci\u00f3n del espacio social en las Fiestas de Santiago Ap\u00f3stol de Lo\u00edza\u201d<\/p>\n<p><strong>Honorable mention<\/strong><\/p>\n<p>Rafael Francisco D\u00edaz Silva (Pontifica Universidad Cat\u00f3lica, Chile): \u201cTiwanaku invent\u00f3 la flauta traversa del sur del mundo\u201d<\/p>\n<h4>2011<\/h4>\n<p><strong>Winner<\/strong><\/p>\n<p>Gabriel Ferraz (University of Florida): \u201cHeitor Villa-Lobos e Get\u00falio Vargas:\u00a0Doutrinando Crian\u00e7as por Meio da Educa\u00e7\u00e3o Musical\u201d<\/p>\n<p><strong>Honorable Mention<\/strong><\/p>\n<p>Bernardo Thiago Borges Farias: \u201cPara Al\u00e9m Da Raiz E Do Rizoma:\u00a0 O Enigma Da Lambada\u201d<\/p>\n<p>Luis Silvestre Velasco: \u201cRevueltas y la LEAR:\u00a0 m\u00fasica, identidad y acci\u00f3n pol\u00edtica en el M\u00e9xico Postrevolucionario\u201d<\/p>\n","protected":false},"excerpt":{"rendered":"<p>The University of California, Riverside, and the Center for Iberian and Latin American Music (CILAM) sponsors the annual Otto Mayer-Serra Awards, given annually for the best-unpublished articles on any aspect of Iberian or Latin American Music in Spanish or Portuguese.\u00a0 The Otto Mayer-Serra Prize for Music Research was established in 2008 by Instrumenta Oaxaca, Gobierno &hellip; <a href=\"https:\/\/cilam.ucr.edu\/otto-mayer-serra-award\/\" class=\"more-link\">Continue reading <span class=\"screen-reader-text\">Otto Mayer-Serra Award<\/span><\/a><\/p>\n","protected":false},"author":1,"featured_media":0,"parent":0,"menu_order":0,"comment_status":"closed","ping_status":"closed","template":"","meta":{"footnotes":""},"class_list":["post-25","page","type-page","status-publish","hentry"],"_links":{"self":[{"href":"https:\/\/cilam.ucr.edu\/wp-json\/wp\/v2\/pages\/25","targetHints":{"allow":["GET"]}}],"collection":[{"href":"https:\/\/cilam.ucr.edu\/wp-json\/wp\/v2\/pages"}],"about":[{"href":"https:\/\/cilam.ucr.edu\/wp-json\/wp\/v2\/types\/page"}],"author":[{"embeddable":true,"href":"https:\/\/cilam.ucr.edu\/wp-json\/wp\/v2\/users\/1"}],"replies":[{"embeddable":true,"href":"https:\/\/cilam.ucr.edu\/wp-json\/wp\/v2\/comments?post=25"}],"version-history":[{"count":17,"href":"https:\/\/cilam.ucr.edu\/wp-json\/wp\/v2\/pages\/25\/revisions"}],"predecessor-version":[{"id":445,"href":"https:\/\/cilam.ucr.edu\/wp-json\/wp\/v2\/pages\/25\/revisions\/445"}],"wp:attachment":[{"href":"https:\/\/cilam.ucr.edu\/wp-json\/wp\/v2\/media?parent=25"}],"curies":[{"name":"wp","href":"https:\/\/api.w.org\/{rel}","templated":true}]}}