{"id":21,"date":"2018-12-04T01:36:18","date_gmt":"2018-12-04T01:36:18","guid":{"rendered":"https:\/\/cilam.ucr.edu\/?page_id=21"},"modified":"2024-01-08T10:52:58","modified_gmt":"2024-01-08T18:52:58","slug":"special-collections","status":"publish","type":"page","link":"https:\/\/cilam.ucr.edu\/special-collections\/","title":{"rendered":"Special Collections"},"content":{"rendered":"<p>CILAM maintains a significant and growing number of archival materials related to Iberian and Latin American Music.\u00a0Chief among them are archives of the composers Celest\u00ed Sadurn\u00ed i Gurgu\u00ed (1863-1910), Joaqu\u00edn Nin-Culmell (1908-2004), the Romero family of guitarists, as well as the Ted McKown archive of rare flamenco recordings.\u00a0 In addition, UCR Special Collections possesses the only surviving autograph score of the original version of the opera <em>Mar\u00eda del Carmen<\/em> (1898) by Enrique Granados (1867-1916).<\/p>\n<p>Below are the websites for the archives:<\/p>\n<ul>\n<li><a href=\"https:\/\/oac.cdlib.org\/findaid\/ark:\/13030\/c8gm8fss\/\" target=\"_blank\" rel=\"noopener\">Nancy Lee Harper Collection on Iberian Music<\/a><\/li>\n<li><a href=\"https:\/\/oac.cdlib.org\/findaid\/ark:\/13030\/c8dj5nh7\/\" target=\"_blank\" rel=\"noopener noreferrer\">Sadurn\u00ed i Gurgu\u00ed<\/a><\/li>\n<li><a href=\"http:\/\/www.oac.cdlib.org\/findaid\/ark:\/13030\/c8j9676f\/\" target=\"_blank\" rel=\"noopener noreferrer\">Nin-Culmell<\/a><\/li>\n<li><a href=\"http:\/\/www.oac.cdlib.org\/findaid\/ark:\/13030\/c8057mh2\/\" target=\"_blank\" rel=\"noopener noreferrer\">Romero<\/a><\/li>\n<li><a href=\"http:\/\/www.oac.cdlib.org\/findaid\/ark:\/13030\/c8cj8k2d\/\" target=\"_blank\" rel=\"noopener noreferrer\">McKown<\/a><\/li>\n<li><a href=\"https:\/\/ucr.primo.exlibrisgroup.com\/discovery\/fulldisplay?docid=alma991027748849704706&amp;context=L&amp;vid=01CDL_RIV_INST:UCR&amp;search_scope=MyInstitution&amp;lang=en\" target=\"_blank\" rel=\"noopener noreferrer\">Granados\u2019s <i>Mar\u00eda del Carmen<\/i><\/a><\/li>\n<li><a href=\"https:\/\/calisphere.org\/collections\/27694\/\" target=\"_blank\" rel=\"noopener\">Halpern Collection of Music Documentaries<\/a><\/li>\n<\/ul>\n","protected":false},"excerpt":{"rendered":"<p>CILAM maintains a significant and growing number of archival materials related to Iberian and Latin American Music.\u00a0Chief among them are archives of the composers Celest\u00ed Sadurn\u00ed i Gurgu\u00ed (1863-1910), Joaqu\u00edn Nin-Culmell (1908-2004), the Romero family of guitarists, as well as the Ted McKown archive of rare flamenco recordings.\u00a0 In addition, UCR Special Collections possesses the &hellip; <a href=\"https:\/\/cilam.ucr.edu\/special-collections\/\" class=\"more-link\">Continue reading <span class=\"screen-reader-text\">Special Collections<\/span><\/a><\/p>\n","protected":false},"author":1,"featured_media":0,"parent":0,"menu_order":0,"comment_status":"closed","ping_status":"closed","template":"","meta":{"footnotes":""},"class_list":["post-21","page","type-page","status-publish","hentry"],"_links":{"self":[{"href":"https:\/\/cilam.ucr.edu\/wp-json\/wp\/v2\/pages\/21","targetHints":{"allow":["GET"]}}],"collection":[{"href":"https:\/\/cilam.ucr.edu\/wp-json\/wp\/v2\/pages"}],"about":[{"href":"https:\/\/cilam.ucr.edu\/wp-json\/wp\/v2\/types\/page"}],"author":[{"embeddable":true,"href":"https:\/\/cilam.ucr.edu\/wp-json\/wp\/v2\/users\/1"}],"replies":[{"embeddable":true,"href":"https:\/\/cilam.ucr.edu\/wp-json\/wp\/v2\/comments?post=21"}],"version-history":[{"count":8,"href":"https:\/\/cilam.ucr.edu\/wp-json\/wp\/v2\/pages\/21\/revisions"}],"predecessor-version":[{"id":432,"href":"https:\/\/cilam.ucr.edu\/wp-json\/wp\/v2\/pages\/21\/revisions\/432"}],"wp:attachment":[{"href":"https:\/\/cilam.ucr.edu\/wp-json\/wp\/v2\/media?parent=21"}],"curies":[{"name":"wp","href":"https:\/\/api.w.org\/{rel}","templated":true}]}}